late the remainder when x(-7) is divided by 2.
0
Suppose 0 = -4*s - s + 100. Suppose -s*h - 62 = -22*h. Calculate the remainder when h is divided by 16.
15
Suppose -3*c = 2*i - 7*c + 16, 15 = 5*c. Let p = i + 52. Let u = p - 24. Calculate the remainder when u is divided by 14.
12
Suppose 0 = -4*f + 3*x + 80, 3*x - 2*x + 89 = 5*f. Let c = 268 - 119. Calculate the remainder when c is divided by f.
13
Let p be ((-24)/(-14))/(9/(-252)). What is the remainder when 17 is divided by (2/(-4))/(4/p)?
5
Let u = -17 + 21. Suppose t + 4*i - 4 = 0, -u*i - 42 - 2 = -t. Calculate the remainder when t is divided by (-6)/9*-3 + 11.
11
Let r(k) = k + 23. Let p(v) = -v**2 - 4*v - 3. Let t be p(-6). Let j be r(t). What is the remainder when 29 is divided by j/(-28) - (-44)/7?
5
Let i = -612 + 621. Calculate the remainder when 113 is divided by i.
5
Suppose 0 = w + 2*h - 10, -h - 3 + 7 = 0. Suppose w*y - 9 - 9 = 0. Calculate the remainder when 15 is divided by y.
6
Suppose -3*s + 8196 = -4*m, -5*s + m + 20442 = 6765. Calculate the remainder when s is divided by 119.
118
Let y = -2 + 3. Suppose -11 = -4*d + y. Suppose 0*t - d*t + 48 = 0. Calculate the remainder when 47 is divided by t.
15
What is the remainder when ((-906)/(-36) + 2/6)*2 is divided by 22?
7
Let v = -18 - -12. Let o be 5 + 1*(v - -4). Suppose 8*j = o*j + 65. What is the remainder when 25 is divided by j?
12
Let v(o) = -o**3 + o**2 + 3*o - 1. Let j be v(-2). Let f = j + -36. Let p = f - -88. What is the remainder when p is divided by 12?
9
Suppose 0 = 3*w - 15, -2*x - x + 2 = -2*w. Let j be (-5*1)/(x/(-16)). Let m = 33 - j. What is the remainder when 38 is divided by m?
12
Suppose 2*f = -4*l + 26, 9 = -6*f + 4*f + 3*l. Calculate the remainder when 7 is divided by f.
1
Suppose 6*b - 5 = b, -5*h - 4*b + 74 = 0. Let s = -72 - -153. What is the remainder when s is divided by h?
11
Suppose 0 = 44*q - 41*q + 4*g - 109, -157 = -4*q - 3*g. What is the remainder when 108 is divided by q?
22
What is the remainder when 30 is divided by (-85 + 33)*(-2)/8?
4
Let i = -1692 + 1697. What is the remainder when 47 is divided by i?
2
Suppose 3*x = -5*t + 486, 3*t + 3*x - 317 = -23. Let h(r) = 5*r**3 - r**2 - r. What is the remainder when t is divided by h(2)?
28
What is the remainder when 131 is divided by -2 + ((-3)/3)/((-2)/70)?
32
Suppose -3*h = 3*j - 279, 2*j + 63 = h - 3*j. Suppose 0 = -p + 5*c + 4 + 29, -2*c + h = 4*p. Calculate the remainder when p is divided by 6.
5
Let l(f) = -2*f**2 - 12*f - 7. Let q be l(-5). Suppose -5*k + 3*x = -235, -x = -2 - q. What is the remainder when k is divided by 18?
14
Let p(k) = 2*k - 12. Let m be p(6). Suppose -7*g + 5*g + 62 = m. Calculate the remainder when g is divided by 11.
9
Suppose 0 = -4*y + 4*n - 16, 5*y + 4*n - 9 = 7. Suppose 3*q + 76 - 214 = y. What is the remainder when q is divided by 16?
14
Calculate the remainder when 133 is divided by 6*((-6)/12 - -5)*1.
25
Let f(k) = k - 3. Let q be f(-3). Let y = q + 11. Suppose -24 + 4 = -y*u. What is the remainder when 14 is divided by u?
2
Let d = -146 + 241. Suppose 0*g + 3*x - d = 4*g, 5 = 5*x. Let z = g - -39. What is the remainder when 29 is divided by z?
13
Let l(g) = -4*g**2 - 57*g + 40. What is the remainder when 1478 is divided by l(-12)?
146
Let i(p) = p**2 + 2*p - 14. Let w be i(-5). Suppose 8*f - 3*f = 115. Calculate the remainder when w/(-3) + 3838/57 is divided by f.
21
Let q(w) = 11*w - 131. Calculate the remainder when q(32) is divided by 37.
36
Suppose -125 = -16*h + 307. Let c = -12 - -18. Calculate the remainder when h is divided by (3*c)/2 - 2.
6
What is the remainder when (-4)/1 + (-5 - -231) is divided by 75?
72
Let j(d) = -d**3 + 3*d**2 + 7*d + 9. Suppose -2*z + 6 = 10. Calculate the remainder when j(z) is divided by 8.
7
Let r(c) = c + 13. Let b be r(-13). Suppose 9*n - 39 - 141 = b. Calculate the remainder when n is divided by 11.
9
Suppose -k + 6 - 2 = m, -m = 3*k + 2. Suppose -m*a + 76 = -3*a. Calculate the remainder when a/(-2*4/(-16)) is divided by 13.
12
Let w = -8 + 17. Calculate the remainder when 13 is divided by w.
4
Let b = -25 - -57. Suppose -1 = 2*h - k - 10, -2*k = 3*h - 31. What is the remainder when b is divided by h?
4
Suppose 48 = -j + 4*j. Let o(v) = 7 - v**2 - 37 - 15*v + 3*v. What is the remainder when j is divided by o(-7)?
1
Let g(f) = -20*f - 15. Let l be g(-2). Suppose -l*q = -21*q - 112. Let t(v) = 4*v**2 + 6*v + 2. What is the remainder when t(-6) is divided by q?
26
Let l be 9/3 - (-45)/3. Suppose -3*h + h = -4*x - l, 5*h - 72 = x. Let c(f) = -f**3 - 16*f**2 - 18*f - 18. Calculate the remainder when c(-15) is divided by h.
12
Suppose -3*c + g = -400, -4*c + 524 = 2*g - g. Suppose 11*v + c = 15*v. Calculate the remainder when 130 is divided by v.
31
Suppose -d + 9*d - 144 = 0. What is the remainder when 77 is divided by d?
5
Let k(w) = 80*w**2 + w + 1. Let u = -53 + 51. Calculate the remainder when k(u) is divided by 40.
39
Let x(m) = 12*m + 224. What is the remainder when 478 is divided by x(-16)?
30
Suppose -2*j - 24 = -48. What is the remainder when j is divided by 7?
5
Suppose -371 = -1176*n + 1169*n. What is the remainder when 262 is divided by n?
50
Suppose 15*j - 222 = 468. Calculate the remainder when j is divided by 8.
6
Let m(d) = -68*d**3 + d. Suppose 0 = 4*n + s + 1 + 7, 2*s + 8 = 0. What is the remainder when m(n) is divided by 17?
16
Suppose 510 = 5*a - 3*x, x + 84 = -2*a + 277. Calculate the remainder when a is divided by (0 - -1)*(1 + 24).
24
Suppose -9*i + 15 + 129 = 0. Suppose 57 = -5*k - 48. Let r = -12 - k. Calculate the remainder when i is divided by r.
7
Let q = -108 - -114. Let n(u) = u + 1. Let x be n(2). What is the remainder when x*(-5)/((-15)/16) is divided by q?
4
Let w(m) = -m**2 + 8*m - 12. Let r be w(8). Calculate the remainder when 20 is divided by -3*(-2 - (-4)/r).
6
Let z = 531 + -513. Calculate the remainder when 266 is divided by z.
14
Suppose -3*q = -x + 50, 4*x + 16 = 2*q + 176. Let o(a) = -3*a + 2. What is the remainder when x is divided by o(-4)?
10
Let r be ((1 - -1)*-313)/(-1). Suppose 22 = 3*i - 2*i + 4*o, 4*i - 28 = 4*o. What is the remainder when r/10 - (-4)/i is divided by 16?
15
Suppose -3*p + 1691 = 890. What is the remainder when p is divided by 39?
33
Let p(u) = 8*u**2 + 7*u - 10. Let h be p(5). Suppose 8*n - 3*n - 3*a - h = 0, -3*a = -2*n + 90. Calculate the remainder when n is divided by 23.
22
Suppose 9*h + 113 = 950. Calculate the remainder when 1952 is divided by h.
92
Suppose -6*l - 129 = -9*l. Suppose 3*z - 5 - l = 0. Calculate the remainder when 29 is divided by z.
13
Let l = 172 + -143. Let o(x) = x**2 + 4*x + 8. Calculate the remainder when o(-17) is divided by l.
26
Suppose -122 - 778 = -25*w. What is the remainder when 71 is divided by w?
35
Let v(a) be the first derivative of 3*a**2/2 - 5*a + 34. What is the remainder when 141 is divided by v(7)?
13
Suppose 0 = 2*d + 3*v - 107, 11 - 1 = -2*v. What is the remainder when d is divided by 31?
30
Let i(b) be the first derivative of -2 - 6*b + 3/2*b**2. Calculate the remainder when i(5) is divided by 6.
3
Suppose 2288 = 3*v + v. Suppose -6*p = -2*p - v. What is the remainder when p is divided by 36?
35
Suppose -8*a = -5*a - 645. Suppose 5*p + 15 - a = 0. Calculate the remainder when p is divided by 194/14 + (6 - 123/21).
12
Let l be (4 + -6 + 4)/(-2). Calculate the remainder when 109 is divided by (3 - (5 + -2)) + l + 38.
35
Let p(n) = n**3 - 25*n**2 + n - 20. Let k be p(25). Suppose 0 = -4*i - q + 207 - 57, 2*i = -k*q + 84. What is the remainder when i is divided by 13?
11
Suppose -5*v = -4*x + 130 - 479, 138 = 2*v - 2*x. Suppose -22 + v = 3*u. Calculate the remainder when u is divided by 6.
5
Let a = -218 - -232. Calculate the remainder when 49 is divided by a.
7
Let j(c) be the first derivative of -c**3/3 + 7*c**2 - 16*c - 14. What is the remainder when j(8) is divided by 9?
5
Suppose 0 = 4*a - 7*a + 15. Suppose -4*x + 81 = a. Calculate the remainder when 74 is divided by x.
17
Let h(g) = 10 + 3*g**2 - 5*g**2 + 11*g + g**2. What is the remainder when h(10) is divided by (156/91)/(1/(-7)*-2)?
2
Suppose 5*n - 2*i - 3287 = 0, -n + 6*i = 10*i - 675. What is the remainder when n is divided by 44?
43
Calculate the remainder when 3 + 49 + 9/3 is divided by 14.
13
Let 